.
180
Calculate the highest common factor of 2892 and 10194.
6
What is the greatest common divisor of 224 and 2737168?
112
Calculate the greatest common divisor of 201604 and 26.
26
What is the highest common divisor of 1457 and 235?
47
Calculate the highest common divisor of 60 and 591645.
15
Calculate the greatest common divisor of 1927 and 93389.
47
Calculate the highest common divisor of 906815 and 39.
13
Calculate the greatest common divisor of 110980 and 2232.
124
Calculate the highest common factor of 814 and 19998.
22
Calculate the highest common divisor of 435479 and 61.
61
What is the highest common divisor of 9170 and 1715?
35
Calculate the greatest common divisor of 311 and 176959.
311
Calculate the greatest common divisor of 74 and 2305581.
37
Calculate the greatest common factor of 1755 and 41301.
117
Calculate the highest common factor of 5860245 and 555.
555
What is the highest common factor of 2054 and 12798?
158
Calculate the highest common factor of 225 and 1395.
45
Calculate the highest common divisor of 12411 and 27279.
63
Calculate the highest common factor of 1916726 and 609.
203
What is the highest common factor of 2800 and 10800?
400
Calculate the greatest common divisor of 231 and 858.
33
Calculate the highest common factor of 625 and 32125.
125
Calculate the greatest common divisor of 3710 and 65.
5
Calculate the greatest common divisor of 485 and 5.
5
Calculate the greatest common factor of 520 and 704925.
65
What is the highest common factor of 1382 and 19838610?
1382
Calculate the highest common divisor of 151324 and 12.
4
What is the highest common divisor of 119804 and 61?
61
Calculate the greatest common factor of 2160 and 506640.
240
Calculate the greatest common factor of 34 and 1193978.
34
What is the highest common factor of 112152 and 48?
24
What is the greatest common factor of 126 and 66486?
42
What is the highest common factor of 68 and 6524?
4
What is the highest common factor of 13299 and 1001?
143
Calculate the highest common divisor of 690 and 1622190.
690
What is the greatest common divisor of 1341932 and 228?
76
Calculate the greatest common divisor of 12521 and 3895.
19
Calculate the highest common divisor of 167255 and 385.
55
What is the greatest common divisor of 26 and 14027?
13
What is the greatest common divisor of 292649 and 194?
97
Calculate the highest common divisor of 46 and 25456.
2
Calculate the highest common factor of 424 and 10441.
53
What is the greatest common factor of 82935 and 108585?
855
What is the highest common factor of 17116 and 396?
44
What is the greatest common divisor of 10 and 250?
10
Calculate the highest common divisor of 800 and 282200.
200
Calculate the greatest common divisor of 8051 and 3403.
83
What is the greatest common factor of 49 and 70511?
49
What is the highest common divisor of 5547 and 10965?
129
What is the highest common divisor of 360 and 277785?
45
What is the highest common divisor of 1040 and 10960?
80
Calculate the greatest common divisor of 556 and 468.
4
Calculate the highest common factor of 2784 and 32625.
87
What is the highest common factor of 17724 and 154?
14
What is the highest common factor of 30100 and 238?
14
What is the greatest common factor of 44849 and 688?
43
Calculate the highest common factor of 28 and 3596.
4
Calculate the highest common factor of 440 and 16220.
20
What is the highest common divisor of 152 and 259901?
19
Calculate the highest common divisor of 10 and 2115.
5
What is the highest common divisor of 837489 and 214?
107
Calculate the highest common factor of 3294 and 9211.
61
What is the highest common divisor of 20 and 445180?
20
What is the highest common factor of 30 and 6165?
15
What is the greatest common divisor of 84375 and 3600?
225
Calculate the greatest common divisor of 577417 and 1010.
101
What is the greatest common divisor of 147580 and 235?
235
What is the highest common divisor of 32100 and 2400?
300
What is the greatest common factor of 2936 and 224?
8
Calculate the greatest common divisor of 24 and 9224.
8
Calculate the greatest common divisor of 198 and 264.
66
Calculate the greatest common factor of 1872 and 505392.
48
What is the greatest common factor of 29719 and 8416?
263
What is the greatest common divisor of 9400 and 20?
20
Calculate the greatest common factor of 330 and 7010.
10
Calculate the highest common divisor of 1440 and 291360.
480
What is the greatest common divisor of 57904 and 28?
28
What is the highest common factor of 402 and 25192?
134
Calculate the greatest common factor of 68 and 12019.
17
Calculate the highest common factor of 16766 and 3818.
166
What is the greatest common divisor of 2666 and 90117?
31
Calculate the highest common factor of 109411 and 207.
23
Calculate the highest common factor of 8811 and 3738.
267
What is the greatest common factor of 1836242 and 365?
73
What is the highest common divisor of 15 and 1057500?
15
Calculate the greatest common divisor of 22080 and 49600.
320
Calculate the highest common divisor of 2616 and 60.
12
What is the highest common divisor of 105 and 53760?
105
Calculate the highest common divisor of 514806 and 5975.
239
What is the highest common factor of 14800 and 11600?
400
Calculate the greatest common divisor of 40846 and 390.
26
Calculate the highest common factor of 91 and 480571.
91
What is the highest common divisor of 30954 and 2310?
462
What is the greatest common factor of 755404 and 796?
796
What is the highest common divisor of 9966 and 6882?
6
What is the highest common divisor of 264 and 124509?
33
Calculate the greatest common factor of 41630 and 7360.
230
Calculate the highest common factor of 117 and 1222338.
39
Calculate the greatest common factor of 136620 and 7260.
660
What is the greatest common divisor of 292268 and 8?
4
What is the greatest common divisor of 279 and 72?
9
What is the highest common factor of 515 and 370285?
515
What is the highest common divisor of 635 and 253619?
127
Calculate the highest common factor of 52 and 96382.
26
Calculate the greatest common divisor of 835 and 4893935.
835
Calculate the highest common divisor of 612840 and 24.
24
Calculate the highest common factor of 145 and 557815.
145
Calculate the highest common divisor of 80908 and 678.
226
Calculate the highest common divisor of 150 and 96735.
15
Calculate the greatest common divisor of 1859 and 2509.
13
Calculate the highest common divisor of 1000 and 2150.
50
What is the highest common divisor of 200 and 282680?
40
What is the greatest common divisor of 11004 and 28?
28
What is the highest common divisor of 311030 and 4750?
190
Calculate the greatest common divisor of 1262 and 1602.
2
What is the greatest common divisor of 22059 and 184599?
1161
Calculate the greatest common divisor of 1100 and 242300.
100
Calculate the highest common divisor of 486 and 892134.
162
What is the highest common factor of 117 and 23816?
13
What is the greatest common divisor of 224 and 12964?
28
What is the highest common factor of 4658 and 20002?
274
What is the highest common divisor of 150 and 891350?
50
Calculate the greatest common divisor of 25833 and 948.
237
Calculate the highest common divisor of 3009 and 104253.
177
What is the greatest common divisor of 12 and 1014?
6
What is the highest common divisor of 944 and 413?
59
Calculate the greatest common divisor of 77456 and 55648.
752
What is the highest common factor of 5060 and 1081?
23
What is the highest common factor of 20689 and 51?
17
What is the greatest common divisor of 1896 and 168?
24
Calculate the greatest common factor of 81 and 14589.
9
What is the greatest common factor of 68040 and 7416?
72
Calculate the greatest common factor of 93980 and 76.
4
What is the greatest common divisor of 64 and 281024?
64
Calculate the greatest common factor of 22 and 485111.
11
Calculate the greatest common factor of 144795 and 210.
105
Calculate the greatest common factor of 115 and 53176.
23
Calculate the highest common divisor of 307 and 4212347.
307
What is the greatest common divisor of 13136 and 724?
4
Calculate the highest common divisor of 18178 and 1098.
122
What is the greatest common factor of 32675 and 2225?
25
What is the greatest common factor of 3103 and 11021?
10